
What is the tens digit of 672?
7
What is the hundreds digit of 1357?
3
What is the tens digit of 68?
6
What is the units digit of 10186?
6
What is the hundreds digit of 920?
9
What is the thousands digit of 74702?
4
What is the thousands digit of 4011?
4
What is the units digit of 80561?
1
What is the thousands digit of 8673?
8
What is the thousands digit of 14169?
4
What is the thousands digit of 2592?
2
What is the units digit of 3415?
5
What is the units digit of 2095?
5
What is the tens digit of 917?
1
What is the units digit of 302?
2
What is the tens digit of 1027?
2
What is the thousands digit of 2013?
2
What is the hundreds digit of 3246?
2
What is the thousands digit of 7091?
7
What is the hundreds digit of 1883?
8
What is the tens digit of 16474?
7
What is the thousands digit of 1736?
1
What is the tens digit of 31827?
2
What is the thousands digit of 2450?
2
What is the ten thousands digit of 23638?
2
What is the tens digit of 566?
6
What is the thousands digit of 11877?
1
What is the tens digit of 12620?
2
What is the hundreds digit of 649?
6
What is the units digit of 333?
3
What is the hundreds digit of 3770?
7
What is the units digit of 1701?
1
What is the thousands digit of 17112?
7
What is the hundreds digit of 745?
7
What is the tens digit of 11002?
0
What is the tens digit of 20374?
7
What is the thousands digit of 41960?
1
What is the ten thousands digit of 47596?
4
What is the tens digit of 788?
8
What is the tens digit of 427?
2
What is the hundreds digit of 3172?
1
What is the hundreds digit of 18328?
3
What is the tens digit of 2474?
7
What is the units digit of 1608?
8
What is the ten thousands digit of 12486?
1
What is the hundreds digit of 2685?
6
What is the thousands digit of 10325?
0
What is the tens digit of 1736?
3
What is the tens digit of 4230?
3
What is the hundreds digit of 24866?
8
What is the tens digit of 227?
2
What is the hundreds digit of 19488?
4
What is the ten thousands digit of 22147?
2
What is the thousands digit of 21606?
1
What is the hundreds digit of 6040?
0
What is the tens digit of 647?
4
What is the units digit of 810?
0
What is the tens digit of 17818?
1
What is the thousands digit of 90177?
0
What is the thousands digit of 25517?
5
What is the hundreds digit of 685?
6
What is the hundreds digit of 17431?
4
What is the tens digit of 37055?
5
What is the hundreds digit of 948?
9
What is the thousands digit of 4804?
4
What is the thousands digit of 1711?
1
What is the tens digit of 16765?
6
What is the tens digit of 61?
6
What is the hundreds digit of 15429?
4
What is the tens digit of 398?
9
What is the thousands digit of 8798?
8
What is the thousands digit of 1888?
1
What is the ten thousands digit of 11445?
1
What is the hundreds digit of 876?
8
What is the hundreds digit of 18307?
3
What is the tens digit of 736?
3
What is the hundreds digit of 13983?
9
What is the hundreds digit of 5212?
2
What is the tens digit of 34?
3
What is the units digit of 4097?
7
What is the units digit of 7757?
7
What is the hundreds digit of 148?
1
What is the ten thousands digit of 10464?
1
What is the thousands digit of 4726?
4
What is the hundreds digit of 462?
4
What is the tens digit of 550?
5
What is the thousands digit of 2797?
2
What is the thousands digit of 81827?
1
What is the tens digit of 47219?
1
What is the thousands digit of 12396?
2
What is the thousands digit of 1268?
1
What is the units digit of 7942?
2
What is the units digit of 57606?
6
What is the ten thousands digit of 27903?
2
What is the units digit of 11736?
6
What is the thousands digit of 1837?
1
What is the thousands digit of 1317?
1
What is the hundreds digit of 19663?
6
What is the hundreds digit of 801?
8
What is the tens digit of 4784?
8
What is the thousands digit of 26829?
6
What is the units digit of 15711?
1
What is the units digit of 3609?
9
What is the hundreds digit of 31659?
6
What is the tens digit of 3595?
9
What is the units digit of 773?
3
What is the units digit of 370?
0
What is the ten thousands digit of 42935?
4
What is the ten thousands digit of 19161?
1
What is the tens digit of 20563?
6
What is the tens digit of 8278?
7
What is the tens digit of 79?
7
What is the hundreds digit of 96234?
2
What is the thousands digit of 2625?
2
What is the units digit of 778?
8
What is the hundred thousands digit of 131078?
1
What is the units digit of 619?
9
What is the hundreds digit of 4393?
3
What is the tens digit of 69513?
1
What is the hundreds digit of 14639?
6
What is the hundreds digit of 271?
2
What is the units digit of 6879?
9
What is the hundreds digit of 21181?
1
What is the units digit of 272?
2
What is the hundreds digit of 867?
8
What is the tens digit of 125550?
5
What is the units digit of 937?
7
What is the thousands digit of 3635?
3
What is the tens digit of 675?
7
What is the thousands digit of 1722?
1
What is the units digit of 4394?
4
What is the units digit of 4473?
3
What is the tens digit of 411?
1
What is the tens digit of 551?
5
What is the hundreds digit of 4925?
9
What is the hundreds digit of 745?
7
What is the tens digit of 8663?
6
What is the units digit of 56405?
5
What is the ten thousands digit of 26289?
2
What is the hundreds digit of 6700?
7
What is the units digit of 149694?
4
What is the hundred thousands digit of 129400?
1
What is the tens digit of 13001?
0
What is the tens digit of 10705?
0
What is the thousands digit of 2157?
2
What is the hundreds digit of 411?
4
What is the hundreds digit of 194?
1
What is the tens digit of 14516?
1
What is the units digit of 1253?
3
What is the hundreds digit of 135?
1
What is the thousands digit of 6801?
6
What is the ten thousands digit of 14924?
1
What is the thousands digit of 7792?
7
What is the thousands digit of 4400?
4
What is the units digit of 598?
8
What is the units digit of 2226?
6
What is the ten thousands digit of 51470?
5
What is the hundred thousands digit of 121577?
1
What is the hundreds digit of 92382?
3
What is the thousands digit of 16060?
6
What is the tens digit of 199?
9
What is the units digit of 1423?
3
What is the tens digit of 6979?
7
What is the tens digit of 43043?
4
What is the thousands digit of 9895?
9
What is the hundreds digit of 265?
2
What is the hundreds digit of 27937?
9
What is the units digit of 853?
3
What is the units digit of 73?
3
What is the tens digit of 1722?
2
What is the units digit of 481?
1
What is the tens digit of 8890?
9
What is the hundreds digit of 433?
4
What is the ten thousands digit of 14955?
1
What is the units digit of 1046?
6
What is the units digit of 7887?
7
What is the hundreds digit of 51363?
3
What is the units digit of 4949?
9
What is the hundreds digit of 347?
3
What is the units digit of 42436?
6
What is the thousands digit of 3494?
3
What is the thousands digit of 3336?
3
What is the thousands digit of 11238?
1
What is the units digit of 6567?
7
What is the units digit of 79033?
3
What is the units digit of 617?
7
What is the units digit of 987?
7
What is the ten thousands digit of 18665?
1
What is the hundreds digit of 153?
1
What is the hundreds digit of 1256?
2
What is the units digit of 3182?
2
What is the tens digit of 1975?
7
What is the units digit of 2000?
0
What is the thousands digit of 1402?
1
What is the thousands digit of 30991?
0
What is the units digit of 203834?
4
What is the hundreds digit of 2025?
0
What is the hundreds digit of 6503?
5
What is the units digit of 80598?
8
What is the units digit of 92495?
5
What is the units digit of 125812?
2
What is the hundreds digit of 2945?
9
What is the hundreds digit of 29280?
2
What is the hundreds digit of 51261?
2
What is the thousands digit of 11109?
1
What is the thousands digit of 13749?
3
What is the hundreds digit of 5689?
6
What is the hundreds digit of 65220?
2
What is the thousands digit of 3416?
3
What is the hundreds digit of 42024?
0
What is the tens digit of 242?
4
What is the tens digit of 7394?
9
What is the units digit of 12598?
8
What is the ten thousands digit of 27557?
2
What is the ten thousands digit of 11396?
1
What is the thousands digit of 5691?
5
What is the units digit of 1571?
1
What is the thousands digit of 4875?
4
What is the units digit of 131?
1
What is the thousands digit o